{"id":107263,"date":"2025-01-02T11:29:27","date_gmt":"2025-01-02T17:29:27","guid":{"rendered":"https:\/\/tepetongo.com.mx\/venta-de-boletos-tepetongo\/?post_type=product&#038;p=107263"},"modified":"2026-02-06T15:35:44","modified_gmt":"2026-02-06T21:35:44","slug":"0-1-pernocta-precio-por-persona","status":"publish","type":"product","link":"https:\/\/tepetongo.com.mx\/venta-de-boletos-tepetongo\/producto\/0-1-pernocta-precio-por-persona\/","title":{"rendered":"6.3 PERNOCTA (\u00danicamente si ya compraste tu Entrada Excluisva Online)"},"content":{"rendered":"<h3><strong><span style=\"color: #ff0000;\">Incluye:<\/span><\/strong><\/h3>\n<ul>\n<li>\n<h2><strong><span style=\"color: #ff0000;\">Una noche de camping dentro del Parque. (\u00danicamente si ya pagaste tu entrada general)<\/span><\/strong><\/h2>\n<\/li>\n<\/ul>\n<h4>La hora de salida de este servicio es a las 8:30 am<br \/>\nLa hora m\u00e1xima de ingreso es a las 5:00 PM<\/h4>\n<h3><span style=\"color: #ff0000;\"><b>\u00a1Es importante imprimir la<\/b><b> informaci\u00f3n llego a tu correo electr\u00f3nico o le tomes captura de pantalla mostrando tu c\u00f3digo QR para ingresar a TEPETONGO!<\/b><\/span><\/h3>\n<h4><span style=\"color: #0000ff;\"><strong>Ubicaci\u00f3n:<\/strong><\/span><\/h4>\n<h4>A 1.30 mins. de Santa Fe CDMX y a 1.45 mins. de Edo. de M\u00e9xico<\/h4>\n<h4><strong><span style=\"color: #0000ff;\">Liga con google Maps:<\/span><\/strong><\/h4>\n<h4><a href=\"https:\/\/goo.gl\/maps\/YUZBpWa19vFtSQvJ7\">https:\/\/goo.gl\/maps\/YUZBpWa19vFtSQvJ7<\/a><\/h4>\n<h3><span style=\"color: #0000ff;\"><strong>360\u00b0 de Diversi\u00f3n al momento y sin rodeos NUEVAS ATRACCIONES: Tornado, Snake Racer, Kamikase, Stuka, Alberca de Olas, 12 Albercas, + de 25 Toboganes, Aquadomo para ni\u00f1os, cancha de volley ball, cancha de futbol, asadores y mucho m\u00e1s\u2026<\/strong><\/span><\/h3>\n<h4><span style=\"color: #ff0000;\"><strong>\u00a1Si compraste en efectivo presenta tu ticket e imprime tu correo para ingresar a Tepetongo!<\/strong><\/span><\/h4>\n<p>&nbsp;<\/p>\n","protected":false},"excerpt":{"rendered":"<ul>\n<li>\n<h4><strong><span style=\"color: #ff0000;\">Este Producto solo aplica<\/span> si ya tienes tu<span style=\"color: #0000ff;\"> Entrada General<\/span> y quieres quedarte en el parque acu\u00e1tico 1 noche.<\/strong><\/h4>\n<\/li>\n<li>\n<h4><strong>INCLUYE 1 NOCHE DE PERNOCTA DENTRO DEL PARQUE &#8211; <span style=\"color: #ff0000;\">Ni\u00f1os menores de 90 cm. NO PAGAN.<\/span><\/strong><\/h4>\n<\/li>\n<\/ul>\n<h4 style=\"text-align: left;\"><span style=\"color: #ff0000;\"><strong>\u00bfTE QUEDASTE CON GANAS DE M\u00c1S?<\/strong><\/span><\/h4>\n<h4><strong>EN<\/strong><span style=\"color: #339966;\"><strong> <span style=\"color: #3366ff;\">PARQUE ACU\u00c1TICO TEPETONGO<\/span> <span style=\"color: #000000;\">NOS COMPLACE QUE TE QUEDES A DISFRUTAR AL M\u00c1XIMO. SI DESPUES DE DISFRUTAR UN DIA LLENO DE DIVERSI\u00d3N EXTREMA Y GUSTAS QUEDARTE A DESCANSAR, TENEMOS LA OPCI\u00d3N DE <span style=\"color: #ff6600;\">PAGAR TU PERNOCTA<\/span> Y QUEDARTE A DORMIR DENTRO DEL PARQUE<\/span><\/strong><\/span><\/h4>\n<h4 style=\"text-align: left;\"><span style=\"color: #ff0000;\"><strong>\u00bfNO TIENES CASA DE CAMPA\u00d1A?<\/strong><\/span><\/h4>\n<h4><strong>EN PARQUE ACU\u00c1TICO TEPETONGO TENEMOS LA SOLUCION. CONTAMOS CON <span style=\"color: #ff0000;\">RENTAS DE CASA DE CAMPA\u00d1A<\/span> A UN <span style=\"color: #339966;\">SUPER PRECIO<\/span>.\u00a0<\/strong><\/h4>\n<h6><\/h6>\n<h4><strong><span style=\"color: #ff6600;\">RENTA<\/span> CASA DE CAMPA\u00d1A PARA <span style=\"color: #3366ff;\">6 PERSONAS<\/span>: <span style=\"color: #ff0000;\">$550<\/span><\/strong><\/h4>\n<h4><span style=\"color: #0000ff;\"><strong>SI SU PAGO ES EN <span style=\"color: #ff0000;\">EFECTIVO\u00a0OXXO<\/span>: <\/strong><\/span><\/h4>\n<h4><span style=\"color: #0000ff;\"><strong><span class=\"selectable-text copyable-text false\">SU N\u00daMERO DE REFERENCIA LLEGA X EMAIL DE PARTE DE<span style=\"color: #ff0000;\"> &#8220;FEMSA DIGITAL&#8221;<\/span> (ES POSIBLE QUE LLEGUE A NO DESEADO \u00d3 <\/span><\/strong><strong><span class=\"selectable-text copyable-text false\">SPAM). FAVOR DE REVISAR.\u00a0<\/span><\/strong><\/span><\/h4>\n<h4><span style=\"color: #99cc00;\"><strong>HORARIO:<\/strong><span style=\"color: #008000;\"><strong> LUNES A DOMINGO<\/strong><\/span><strong> DE <span style=\"color: #008000;\">9:00<\/span> A.M. A<span style=\"color: #008000;\"> 6.00<\/span> P.M.<\/strong><\/span><\/h4>\n<h4><span style=\"color: #ff0000;\"><strong>La hora de salida de este servicio es a las<span style=\"color: #0000ff;\"> 8:30 am<\/span><\/strong><\/span><\/h4>\n<hr \/>\n<h3 style=\"text-align: center;\"><span style=\"color: #ff00ff;\"><strong>\u00a1ATENCI\u00d3N!<\/strong><\/span><\/h3>\n<h4 style=\"text-align: center;\"><strong><span style=\"color: #0000ff;\">SI TU QUIERES ACAMPAR Y NO HAZ COMPRADO TU PAQUETE DE ENTRADA GENERAL. PUEDES ADQUIRIR TU PAQUETE CAMPING AQUI<\/span>:\u00a0<\/strong><\/h4>\n<h4 style=\"text-align: center;\"><strong><a href=\"https:\/\/tepetongo.com.mx\/venta-de-boletos-tepetongo\/categoria-producto\/paquetes-de-campamento\/\">https:\/\/tepetongo.com.mx\/venta-de-boletos-tepetongo\/categoria-producto\/paquetes-de-campamento\/<\/a><\/strong><\/h4>\n<p>&nbsp;<\/p>\n<h4><span style=\"color: #ff0000;\"><strong><span style=\"color: #0000ff;\">FORMAS DE PAGO:\u00a0TARJETA DE CR\u00c9DITO O D\u00c9BITO O PUEDE SELECCIONAR <\/span><\/strong><\/span><strong><span style=\"color: #ff0000;\">EFECTIVO OXXO<\/span> <\/strong>O <span style=\"color: #ff0000;\"><strong>TIENDAS DE CONVENIENCIA<\/strong><strong><span style=\"color: #0000ff;\">. Guardar su ticket de pago e imprimir su correo.\u00a0<\/span><\/strong><\/span><\/h4>\n<ul>\n<li>\n<h4><strong>Si requieres <span style=\"color: #99cc00;\">ayuda<\/span> con su pedido llamar al\u00a0 <span style=\"color: #99cc00;\"><span style=\"color: #ff0000;\"><span style=\"color: #0000ff;\">5564548422 | 5552114820\u00a0| <span style=\"color: #993300;\">Toluca 7222904544<\/span><\/span><\/span><\/span><\/strong><\/h4>\n<\/li>\n<\/ul>\n","protected":false},"featured_media":126365,"template":"","meta":{"inline_featured_image":false},"product_brand":[],"product_cat":[27,29],"product_tag":[],"class_list":{"0":"post-107263","1":"product","2":"type-product","3":"status-publish","4":"has-post-thumbnail","6":"product_cat-entrada-general","7":"product_cat-paquetes-de-campamento","9":"first","10":"instock","11":"virtual","12":"sold-individually","13":"purchasable","14":"product-type-booking"},"booking_location":"","booking_location_type":"","booking_duration":1,"booking_duration_unit":"day","booking_buffer":0,"booking_cost":0,"booking_resources":[],"_links":{"self":[{"href":"https:\/\/tepetongo.com.mx\/venta-de-boletos-tepetongo\/wp-json\/wp\/v2\/product\/107263","targetHints":{"allow":["GET"]}}],"collection":[{"href":"https:\/\/tepetongo.com.mx\/venta-de-boletos-tepetongo\/wp-json\/wp\/v2\/product"}],"about":[{"href":"https:\/\/tepetongo.com.mx\/venta-de-boletos-tepetongo\/wp-json\/wp\/v2\/types\/product"}],"wp:featuredmedia":[{"embeddable":true,"href":"https:\/\/tepetongo.com.mx\/venta-de-boletos-tepetongo\/wp-json\/wp\/v2\/media\/126365"}],"wp:attachment":[{"href":"https:\/\/tepetongo.com.mx\/venta-de-boletos-tepetongo\/wp-json\/wp\/v2\/media?parent=107263"}],"wp:term":[{"taxonomy":"product_brand","embeddable":true,"href":"https:\/\/tepetongo.com.mx\/venta-de-boletos-tepetongo\/wp-json\/wp\/v2\/product_brand?post=107263"},{"taxonomy":"product_cat","embeddable":true,"href":"https:\/\/tepetongo.com.mx\/venta-de-boletos-tepetongo\/wp-json\/wp\/v2\/product_cat?post=107263"},{"taxonomy":"product_tag","embeddable":true,"href":"https:\/\/tepetongo.com.mx\/venta-de-boletos-tepetongo\/wp-json\/wp\/v2\/product_tag?post=107263"}],"curies":[{"name":"wp","href":"https:\/\/api.w.org\/{rel}","templated":true}]}}