{"id":80203,"date":"2022-12-09T10:00:40","date_gmt":"2022-12-09T16:00:40","guid":{"rendered":"https:\/\/tepetongo.com.mx\/venta-de-boletos-tepetongo\/?post_type=product&#038;p=80203"},"modified":"2026-04-10T15:04:30","modified_gmt":"2026-04-10T21:04:30","slug":"4-1-tlalnepantla-tepetongo-mundo-granjero-zoo","status":"publish","type":"product","link":"https:\/\/tepetongo.com.mx\/venta-de-boletos-tepetongo\/producto\/4-1-tlalnepantla-tepetongo-mundo-granjero-zoo\/","title":{"rendered":"4.1 TLALNEPANTLA &#8211; TEPETONGO | MUNDO GRANJERO"},"content":{"rendered":"<p style=\"text-align: left;\"><strong><span style=\"color: #99cc00;\">**EL REGRESO DEL PARQUE ACU\u00c1TICO TEPETONGO ES A LAS 18:00 HRS EN PUNTO<\/span><\/strong><\/p>\n<p><span style=\"color: #99cc00;\"><strong>**NO SE PERMITE EL ABORDAJE A PERSONAS EN ESTADO INCONVENIENTE POR SEGURIDAD DE TODOS\u00a0<\/strong><\/span><\/p>\n<p><span style=\"color: #ff0000;\"><strong>Si deseas que te ayudemos a realizar tu compra de boletos llama a:\u00a0<\/strong><\/span><\/p>\n<p><span style=\"color: #ff0000;\"><strong><span style=\"color: #0000ff;\">5564548422 | 5552114820<span style=\"color: #99cc00;\">\u00a0<\/span><\/span><\/strong><\/span><\/p>\n<p><strong><span style=\"color: #0000ff;\">ATRACCIONES:<\/span>\u00a0+ de 25 Toboganes, 1 alberca de olas, 12 albercas, AQUADOMO + grande de latinoam\u00e9rica, \u00e1reas verdes, zona de acampar, cancha de volley ball, asadores gratuitos, un hermoso lago y mucho m\u00e1s\u2026\u00a0\u00a0<span style=\"color: #ff0000;\">NUEVAS ATRACCIONES:\u00a0<\/span>Tornado, Snake Racer, Kamikase, Stuka, camilanchas, velociraptor, etc.<\/strong><\/p>\n<p>&nbsp;<\/p>\n","protected":false},"excerpt":{"rendered":"<p>&nbsp;<\/p>\n<p style=\"text-align: left;\"><strong><span style=\"color: #ff0000;\">TLALNEPANTLA &#8211;\u00a0<\/span> ENTRADA + TRANSPORTE VIAJE REDONDO + <span style=\"color: #0000ff;\">(INCLUYE SEGURO DE VIAJERO Y <span style=\"color: #99cc00;\">ENTRADA A MUNDO GRANJERO ZOO)\u00a0 \u00a1Compra tus boletos aqu\u00ed! \u00a0Es M\u00e1s <span style=\"color: #ff0000;\">econ\u00f3mico<\/span><\/span><\/span><\/strong><\/p>\n<ul>\n<li><span style=\"color: #ff0000;\"><strong><span style=\"color: #0000ff;\">Es necesario realizar tu pago EN LINEA ANTES de tu salida.<\/span><\/strong><\/span><\/li>\n<li><span style=\"color: #ff0000;\"><strong><span style=\"color: #0000ff;\">FORMAS DE PAGO: TARJETA DE CR\u00c9DITO O D\u00c9BITO &#8211; El CARGO ES A NOMBRE DE MUNDO GRANJERO llega un correo de confirmaci\u00f3n para IMPRIMIR, ES INDISPENSABLE entregarlo al subir al autob\u00fas<\/span><\/strong><\/span><\/li>\n<li>Puede seleccionar <strong><span style=\"color: #ff0000;\">EFECTIVO OXXO<\/span> <\/strong>o <span style=\"color: #ff0000;\"><strong>tiendas de conveniencia<span style=\"color: #0000ff;\">. Guardar su ticket de pago e imprimir su correo.\u00a0<\/span><\/strong><\/span><br \/>\n<h5><span style=\"color: #0000ff;\"><strong><span class=\"selectable-text copyable-text false\">SU N\u00daMERO DE REFERENCIA LE LLEGA X EMAIL POR PARTE DE <span style=\"color: #ff0000;\">&#8220;FEMSA DIGITAL&#8221;<\/span> REVISAR CORREO NO DESEADO \u00d3 <\/span><\/strong><strong><span class=\"selectable-text copyable-text false\">SPAM.<\/span><\/strong><\/span><\/h5>\n<\/li>\n<li>\n<h5><strong style=\"color: #ff0000; font-size: 16px;\"><span style=\"color: #0000ff;\">Una vez PAGADO llamar 5564548422 | 5552114820\u00a0 para confirmar su compra y DISPONIBILIDAD.\u00a0<\/span><\/strong><\/h5>\n<\/li>\n<li>\n<h4><strong><span style=\"color: #ff0000;\">Si quiere ayuda con su pedido llamar al 5564548422 | 5552114820\u00a0<\/span><\/strong><\/h4>\n<\/li>\n<\/ul>\n<p><strong><span style=\"color: #ff0000;\"><span style=\"color: #0000ff;\">SALIDA:\u00a0<\/span> \u00a0 \u00a0 \u00a0 07:00 a.m. presentarse 20 minutos antes<\/span>. <span style=\"color: #99cc00;\">\u00a1NO HAY TOLERANCIA EN LA HORA DE SALIDA<\/span>, \u00a1\u00a1\u00a1LAS UNIDADES NO ESPERAN!!<\/strong><\/p>\n<p><span style=\"color: #ff0000;\"><strong><span style=\"color: #0000ff;\">Ubicaci\u00f3n:<\/span> <\/strong><\/span><span style=\"color: #ff0000;\"><b style=\"color: #ff0000;\"><span style=\"color: #333333;\">Av. Gustavo Baz Prada esquina Mariano Escobedo,\u00a0 Col. Viveros del R\u00edo<\/span><\/b><span style=\"color: #333333;\"><b>\u00a0a un costado de la terminal ADO,\u00a0<\/b><\/span><\/span><span style=\"color: #ff0000;\"><strong><span class=\"section-info-text\" style=\"color: #333333;\"><span class=\"widget-pane-link\" role=\"text\">Tlalnepantla de Baz, M\u00e9xico. El<\/span><\/span><\/strong><\/span><b>\u00a0autob\u00fas sale <span style=\"color: #99cc00;\">de lado derecho<\/span> de la terminal donde salen los autobuses. Frente a Elektra.<\/b><\/p>\n<p><strong><span style=\"color: #ff0000;\">Liga con google Maps:<\/span><\/strong><\/p>\n<p><a href=\"https:\/\/goo.gl\/maps\/AJ6MNAW52sR3VCjX6\">https:\/\/goo.gl\/maps\/AJ6MNAW52sR3VCjX6<\/a><\/p>\n<p><img fetchpriority=\"high\" decoding=\"async\" class=\"alignnone wp-image-58393 \" src=\"https:\/\/tepetongo.com.mx\/venta-de-boletos-tepetongo\/wp-content\/uploads\/2020\/09\/SALIDA-TLALNEPANTLA-ADO-2-300x137.jpg\" alt=\"\" width=\"353\" height=\"161\" srcset=\"https:\/\/tepetongo.com.mx\/venta-de-boletos-tepetongo\/wp-content\/uploads\/2020\/09\/SALIDA-TLALNEPANTLA-ADO-2-300x137.jpg 300w, https:\/\/tepetongo.com.mx\/venta-de-boletos-tepetongo\/wp-content\/uploads\/2020\/09\/SALIDA-TLALNEPANTLA-ADO-2-1024x469.jpg 1024w, https:\/\/tepetongo.com.mx\/venta-de-boletos-tepetongo\/wp-content\/uploads\/2020\/09\/SALIDA-TLALNEPANTLA-ADO-2-768x352.jpg 768w, https:\/\/tepetongo.com.mx\/venta-de-boletos-tepetongo\/wp-content\/uploads\/2020\/09\/SALIDA-TLALNEPANTLA-ADO-2-1536x703.jpg 1536w, https:\/\/tepetongo.com.mx\/venta-de-boletos-tepetongo\/wp-content\/uploads\/2020\/09\/SALIDA-TLALNEPANTLA-ADO-2-416x190.jpg 416w, https:\/\/tepetongo.com.mx\/venta-de-boletos-tepetongo\/wp-content\/uploads\/2020\/09\/SALIDA-TLALNEPANTLA-ADO-2.jpg 1920w\" sizes=\"(max-width: 353px) 100vw, 353px\" \/><\/p>\n<p><img decoding=\"async\" class=\"alignnone wp-image-58394 \" src=\"https:\/\/tepetongo.com.mx\/venta-de-boletos-tepetongo\/wp-content\/uploads\/2020\/09\/SALIDA-TLALNEPANTLA-ADO-3-300x137.jpg\" alt=\"\" width=\"350\" height=\"160\" srcset=\"https:\/\/tepetongo.com.mx\/venta-de-boletos-tepetongo\/wp-content\/uploads\/2020\/09\/SALIDA-TLALNEPANTLA-ADO-3-300x137.jpg 300w, https:\/\/tepetongo.com.mx\/venta-de-boletos-tepetongo\/wp-content\/uploads\/2020\/09\/SALIDA-TLALNEPANTLA-ADO-3-1024x469.jpg 1024w, https:\/\/tepetongo.com.mx\/venta-de-boletos-tepetongo\/wp-content\/uploads\/2020\/09\/SALIDA-TLALNEPANTLA-ADO-3-768x352.jpg 768w, https:\/\/tepetongo.com.mx\/venta-de-boletos-tepetongo\/wp-content\/uploads\/2020\/09\/SALIDA-TLALNEPANTLA-ADO-3-1536x703.jpg 1536w, https:\/\/tepetongo.com.mx\/venta-de-boletos-tepetongo\/wp-content\/uploads\/2020\/09\/SALIDA-TLALNEPANTLA-ADO-3-416x190.jpg 416w, https:\/\/tepetongo.com.mx\/venta-de-boletos-tepetongo\/wp-content\/uploads\/2020\/09\/SALIDA-TLALNEPANTLA-ADO-3.jpg 1920w\" sizes=\"(max-width: 350px) 100vw, 350px\" \/><\/p>\n<p><img decoding=\"async\" class=\"alignnone wp-image-58395\" src=\"https:\/\/tepetongo.com.mx\/venta-de-boletos-tepetongo\/wp-content\/uploads\/2020\/09\/SALIDA-TLALNEPANTLA-ADO-300x137.jpg\" alt=\"\" width=\"348\" height=\"159\" srcset=\"https:\/\/tepetongo.com.mx\/venta-de-boletos-tepetongo\/wp-content\/uploads\/2020\/09\/SALIDA-TLALNEPANTLA-ADO-300x137.jpg 300w, https:\/\/tepetongo.com.mx\/venta-de-boletos-tepetongo\/wp-content\/uploads\/2020\/09\/SALIDA-TLALNEPANTLA-ADO-1024x469.jpg 1024w, https:\/\/tepetongo.com.mx\/venta-de-boletos-tepetongo\/wp-content\/uploads\/2020\/09\/SALIDA-TLALNEPANTLA-ADO-768x352.jpg 768w, https:\/\/tepetongo.com.mx\/venta-de-boletos-tepetongo\/wp-content\/uploads\/2020\/09\/SALIDA-TLALNEPANTLA-ADO-1536x703.jpg 1536w, https:\/\/tepetongo.com.mx\/venta-de-boletos-tepetongo\/wp-content\/uploads\/2020\/09\/SALIDA-TLALNEPANTLA-ADO-416x190.jpg 416w, https:\/\/tepetongo.com.mx\/venta-de-boletos-tepetongo\/wp-content\/uploads\/2020\/09\/SALIDA-TLALNEPANTLA-ADO.jpg 1920w\" sizes=\"(max-width: 348px) 100vw, 348px\" \/><\/p>\n<p>&nbsp;<\/p>\n","protected":false},"featured_media":107695,"template":"","meta":{"inline_featured_image":false},"product_brand":[],"product_cat":[28],"product_tag":[],"class_list":{"0":"post-80203","1":"product","2":"type-product","3":"status-publish","4":"has-post-thumbnail","6":"product_cat-salidas-con-transporte","8":"first","9":"instock","10":"virtual","11":"sold-individually","12":"purchasable","13":"product-type-booking"},"booking_location":"","booking_location_type":"","booking_duration":1,"booking_duration_unit":"day","booking_buffer":0,"booking_cost":0,"booking_resources":[],"_links":{"self":[{"href":"https:\/\/tepetongo.com.mx\/venta-de-boletos-tepetongo\/wp-json\/wp\/v2\/product\/80203","targetHints":{"allow":["GET"]}}],"collection":[{"href":"https:\/\/tepetongo.com.mx\/venta-de-boletos-tepetongo\/wp-json\/wp\/v2\/product"}],"about":[{"href":"https:\/\/tepetongo.com.mx\/venta-de-boletos-tepetongo\/wp-json\/wp\/v2\/types\/product"}],"wp:featuredmedia":[{"embeddable":true,"href":"https:\/\/tepetongo.com.mx\/venta-de-boletos-tepetongo\/wp-json\/wp\/v2\/media\/107695"}],"wp:attachment":[{"href":"https:\/\/tepetongo.com.mx\/venta-de-boletos-tepetongo\/wp-json\/wp\/v2\/media?parent=80203"}],"wp:term":[{"taxonomy":"product_brand","embeddable":true,"href":"https:\/\/tepetongo.com.mx\/venta-de-boletos-tepetongo\/wp-json\/wp\/v2\/product_brand?post=80203"},{"taxonomy":"product_cat","embeddable":true,"href":"https:\/\/tepetongo.com.mx\/venta-de-boletos-tepetongo\/wp-json\/wp\/v2\/product_cat?post=80203"},{"taxonomy":"product_tag","embeddable":true,"href":"https:\/\/tepetongo.com.mx\/venta-de-boletos-tepetongo\/wp-json\/wp\/v2\/product_tag?post=80203"}],"curies":[{"name":"wp","href":"https:\/\/api.w.org\/{rel}","templated":true}]}}